 Is 6 a factor of q?
True
Suppose 5*l + y - 11 = 0, -4 = -5*y - 24. Let h(u) = 2*u - 2. Let f be h(l). Suppose -f*b + 25 = b. Is b a multiple of 5?
True
Let i(j) = -2*j**3 + 4*j**2 - 3*j + 2. Let l be i(2). Let b(v) = -2*v**3 - 2*v**2 + 4*v - 5. Is 25 a factor of b(l)?
True
Let x(v) = -3*v**3 - 26*v**2 + 17*v + 11. Let m(r) = -r**3 - 9*r**2 + 6*r + 4. Let w(j) = 8*m(j) - 3*x(j). Does 13 divide w(-6)?
False
Let z(l) = 9*l**3 + l**2 - l - 1. Let w be z(-1). Suppose -8 = 5*v + 22. Is 9 a factor of (-4)/v*(-180)/w?
False
Let h = -20 - -6. Let c be (-370)/h - (-9)/(-21). Let z = c - 16. Does 8 divide z?
False
Suppose 0 = -0*s - 4*s - 8, 2*z - 4*s - 32 = 0. Is z a multiple of 4?
True
Let h(m) = -m**2 - 7*m + 4. Let i be h(-7). Suppose -5*z + 11 = -i. Suppose z*f = -0*f + 18. Is 3 a factor of f?
True
Let v = -404 - -572. Is 28 a factor of v?
True
Suppose 4*y - 7*y + 240 = 0. Is 16 a factor of y?
True
Let u(m) = -m**2 + m - 1. Let c(k) = -7*k**2 + 12*k - 6. Let b(n) = -c(n) + 6*u(n). Let h(w) = -w - 4. Let z be h(-11). Is b(z) a multiple of 7?
True
Suppose -4*t + 15 = 3. Let j(b) = 6 + b**t + b - b. Is j(0) a multiple of 3?
True
Let n be ((-24)/10)/((-4)/50). Suppose -3*t - 2*t = -n. Is t a multiple of 6?
True
Let a(f) = f**2 + 4*f - 17. Let s be a(-7). Suppose 0 = -s*c - c + 285. Is 20 a factor of c?
False
Suppose -131 = 4*y + 169. Let w = 121 + y. Suppose -113 = -3*o - v, -4*o + 3*v + 122 = -w. Is 13 a factor of o?
True
Let w = -251 - -356. Is 35 a factor of w?
True
Let f(a) = -a**3 + 12*a**2 - 3*a + 19. Is 16 a factor of f(11)?
False
Let y be 0/(0 - (0 + 2)). Suppose 4*i + y*i - 36 = 0. Is 9 a factor of i?
True
Let g(r) = r + 10. Is 8 a factor of g(6)?
True
Suppose -11*d = -4*d - 1176. Does 24 divide d?
True
Let m(w) = w**2 + 4*w - 5. Let s = -7 - -13. Let q be m(s). Suppose -4*x + q = -5*h - 37, -3*h - 92 = -4*x. Is x a multiple of 8?
False
Let s(a) = -a**3 + 13*a**2 - 6*a + 18. Does 30 divide s(12)?
True
Let k(x) = x**2 + 8*x - 42. Is k(-18) a multiple of 6?
True
Let u = -255 - -530. Is u a multiple of 25?
True
Let b(k) = -2*k**3 - k**2 - 4*k - 3. Let l be b(-3). Suppose -3*v = 4*r + 153 - l, -r - 2*v = 26. Is ((-15)/(-6))/((-3)/r) a multiple of 8?
False
Let n(i) = i + 4. Let a be n(0). Let c = 8 - a. Suppose -b - c = -21. Is b a multiple of 5?
False
Let m(p) = p**3 - 7*p**2 + 13*p + 1. Does 16 divide m(5)?
True
Let c(g) = -g**2 + 4*g**2 + 6 - 5*g - 2*g**2. Let f be c(4). Does 4 divide (f/3)/(10/165)?
False
Suppose 0 = 4*i - 440 + 112. Does 4 divide i?
False
Suppose -5*n = -4*d - 44, 2*n - 3*n - 2*d = -6. Let g(k) = k**3 - 8*k**2 - 2. Let h be g(n). Does 3 divide 3 - (3 + h) - -1?
True
Let l(h) = -21*h + 1. Let g be l(-9). Suppose -4*d + g = d. Is 10 a factor of d?
False
Suppose 2*m - 4*d - 45 - 3 = 0, 60 = 4*m + 4*d. Suppose 4 = -3*x + 4*x. Let r = m + x. Is 9 a factor of r?
False
Let k = 16 - 14. Suppose 0 = -3*j - 5*p + 38, k*j - 2*p - 10 = -j. Is j a multiple of 3?
True
Suppose 0*k - 66 = -k. Is 22 a factor of k?
True
Let p(k) be the second derivative of k**4/12 - k**3/6 + k**2/2 - k. Is 19 a factor of p(8)?
True
Suppose 5*r = 4*u + 103, 5*u - 20 = -r + 6*u. Is 20 a factor of r?
False
Suppose -2*w + 570 = 4*w. Does 6 divide w?
False
Suppose -3*u = -9 - 6. Suppose 0 = -4*k + u*k - 15. Is k a multiple of 5?
True
Let w(a) = 2*a**2 + 6*a. Does 8 divide w(-5)?
False
Suppose -15*g + 25*g - 2240 = 0. Does 14 divide g?
True
Let r(z) = z**3 - 11*z**2 + 2*z - 7. Does 5 divide r(11)?
True
Let c(h) = h**3 - 3*h**2 + h. Let b be 1*(5 - 3 - -1). Let d be c(b). Suppose j = -d*j + 124. Is 12 a factor of j?
False
Suppose -2*m = m + 5*b - 257, 0 = -3*m - 4*b + 256. Suppose 5*c - m = c - 3*u, -2*u + 16 = c. Is c a multiple of 12?
True
Suppose 2*c - 25 = 51. Is 19 a factor of c?
True
Suppose -3*z - 5*f + 15 = -z, -3*f + 9 = 0. Suppose z = a - 3 + 1. Suppose 4*i - 207 = 3*q, q = a*i - 3*q - 116. Is i a multiple of 24?
True
Let h = 71 + -2. Is h a multiple of 3?
True
Suppose -5*t + o = -2*t - 37, 0 = -4*t - 3*o + 58. Let s = -8 + t. Suppose -2*j + 67 = -3*u, -2*j - s*u + 76 - 17 = 0. Is j a multiple of 18?
False
Let z(r) = -r**3 + 5*r**2 + 8*r + 2. Suppose 5*q = 2*q - 6. Let i be q/((-6)/15) - -1. Is 14 a factor of z(i)?
True
Let g(q) = -q**2 + 1. Let t(j) = 3*j**2 - j - 8. Let y(x) = -5*g(x) - t(x). Is 7 a factor of y(-3)?
False
Does 26 divide 0 + (-20)/5 + 108?
True
Suppose -6*a + 4*a - 3*l = -5, 0 = -3*a + l + 24. Let r = a - 4. Suppose -2*f - r*n = -6*f + 71, 5*f + n = 65. Is f a multiple of 12?
False
Let v = -5 - -9. Suppose 42 = v*k - 38. Does 7 divide k?
False
Let v(j) = j**2 + 5*j - 7. Let u be v(-6). Is u*(-41 - 0/(-4)) a multiple of 7?
False
Let s be 4/10 + (-84)/10. Let v = s + 13. Is ((-108)/15)/((-1)/v) a multiple of 17?
False
Let r be (-9)/5*20/(-6). Let f = r + -6. Suppose f = y + 3 - 6. Is y a multiple of 3?
True
Let g(t) = -35*t**3 + t**2 + 2*t + 1. Suppose 5*l + 5 = -2*x, -3*l - l + 5*x = 4. Is 12 a factor of g(l)?
False
Let m(v) = 5*v**3 - v. Let i be m(1). Suppose -i*n = -9*n + 290. Is 20 a factor of n?
False
Suppose 5*x + u = 305, 0*u - 3*u = -5*x + 285. Is x a multiple of 20?
True
Let f(s) = -s**2 + 1. Let t be f(1). Is 6 a factor of (-3)/(2/(-18 - t))?
False
Let i = 9 - 6. Let b be (-3 + i)/(-1 - 1). Let n(z) = -z + 3. Is n(b) a multiple of 3?
True
Suppose -n = -0*n - 4. Suppose -n*l + 14 = o + 2*o, -l = 5*o + 5. Does 6 divide 14 + 0 + 0 + o?
True
Suppose b - 2*o = 1 + 5, -2*o + 6 = 2*b. Suppose 15 = z - 2*u, -5*z + b*u + 103 = u. Suppose -4*y = y + c - 68, -c = -2*y + z. Is 8 a factor of y?
False
Suppose 9*w = 4*w + 10. Suppose 4*c + c - 3*a = 125, 4*a + 64 = w*c. Does 8 divide c?
False
Let x = 123 + -82. Does 17 divide x?
False
Suppose -28 = -4*k - 4*n, -14 = -2*k - 0*n + n. Let u(g) = -g**3 + 8*g**2 - 7*g - 10. Let y be u(k). Is 9 a factor of (-6)/(-15) - 166/y?
False
Suppose 2*p + h - 16 = 0, -3*p + 2*h = 3*h - 25. Let n = p + 79. Let m = n - 30. Does 15 divide m?
False
Let l = 116 + -65. Does 3 divide l?
True
Let t(q) = 3*q - 12. Let j be t(5). Suppose -l + 12 = j*u, 4*l + 4*u - 80 = -0*u. Does 8 divide l?
True
Let d(k) = -k + 6. Let p be d(0). Let s = p - 7. Is 5 a factor of (-1 - (s - 10))/2?
True
Let m(u) = -u**2 + 11*u - 8. Let o be m(8). Let q = o + -36. Does 4 divide (-6)/(-4)*q/(-3)?
False
Let r(v) = -v**3 - 5*v**2 - v + 7. Let b be r(-6). Let a = 70 - b. Does 17 divide a?
False
Suppose 0*y = 3*y. Suppose 2*j - 15 = 5*q + 32, y = -j + 5*q + 26. Let f = 35 - j. Is 5 a factor of f?
False
Let y(d) = d**3 - 4*d**2 + 14*d - 9. Is 28 a factor of y(6)?
False
Does 3 divide 2/(-1 + 3)*11?
False
Let k(x) = -x**3 - 8*x**2 - 8*x - 2. Let t be k(-7). Let p = t - -7. Is 12 a factor of p?
True
Does 17 divide 87/5 + 6/(-15)?
True
Let c be 2*2*((-20)/(-5) - 5). Let l(d) = -3*d - 1. Let w be l(5). Does 2 divide ((-10)/c)/((-8)/w)?
False
Let o = 4 - -15. Let v = -64 + 93. Suppose -4*x + o = -v. Is x a multiple of 6?
True
Let p(v) be the second derivative of v**5/20 + v**4/3 - v**2/2 - 2*v. Let w be p(-4). Does 22 divide 2 - 22/(1/w)?
False
Let h be 129/15 - 2/(-5). Let g(o) = -o**3 + 8*o**2 + 9*o + 5. Is g(h) a multiple of 5?
True
Let o = 170 - 83. Suppose 4*j - 2*y = -3*y + 113, 3*y - o = -3*j. Does 14 divide j?
True
Let x(w) = w + 4. Let j be x(-6). Let c = 2 + j. Is 3 a factor of -3*2/(-1 - c)?
True
Suppose t + 90 = 4*t. Does 10 divide t?
True
Suppose 0 = -w - 4*w + 120. Does 4 divide w?
True
Suppose -n - 26 = 2*n + 5*r, 4*n + r + 12 = 0. Is 10 a factor of 1/n - 82/(-4)?
True
Let w = 439 - 205. Is w a multiple of 9?
True
Suppose -2 = -0*o + 2*o. Let a be (o + 3)/(3/6). Suppose -3*q - 3 = 0, -2*q + 43 = -a*u + 113. Is u a multiple of 5?
False
Let z = 35 - -56. Suppose 2*f - 54 = f. Let u = z - f. Is u a multiple of 13?
False
Let s(p) be the third derivative of 3*p**2 + 1/24*p**4 - 1/20*p**5 - 1/120*p**6 - 1/3*p**3 + 0*p + 0. Is s(-4) a multiple of 10?
True
Let r(i) = -2*i - 1. Let s be r(-1). Is 13 a factor of s + 0 - (1 + -13)?
True
Let w = -1 + -5. Let i = -4 - w. Suppose 10 = i*t, 2*u - t + 0*t = 41. Does 13 divide u?
False
Suppose k - 5*k + 164 = 0. Is 14 a factor of k?
False
Let c(g) = -2*g**2 - 9*g + 5. Let j(d) = -d**2 - 5*d + 2. Let h(m) = -3*c(m) + 5*j(m). Let n be h(-4). Suppose n = -u + 7. Is 4 a factor of u?
True
Let i(s) = 2*s**